{"id":2580,"date":"2017-10-11T11:14:03","date_gmt":"2017-10-11T09:14:03","guid":{"rendered":"http:\/\/gerriets.webproofed.de\/?post_type=portfolio&#038;p=2580"},"modified":"2022-06-08T12:08:11","modified_gmt":"2022-06-08T10:08:11","slug":"holzmarkt-1","status":"publish","type":"portfolio","link":"https:\/\/www.gerriets-acoustics.com\/es\/portfolio\/mercado-de-la-madera-1\/","title":{"rendered":"Mercado de la madera 1<br> Colonia \/ Alemania"},"content":{"rendered":"<section class=\"wpb-content-wrapper\"><section class=\"vc_section agni-section\"><div id=\"agni-row-60676\" class=\"section-row\" ><div class=\"section-row-bg-container section-row-bg-container-agni-row-60676\"><div class=\"section-row-bg section-row-bg-color\"  ><\/div><\/div><div class=\"container\"><div class=\"vc_row vc_row_fluid\"><div id=\"agni-column-11316\" class=\"wpb_column agni_column_container agni_column vc_column_container vc_col-sm-12\"><div class=\"agni_column-inner vc_column-inner text-left\"  ><div class=\"section-column-bg-container section-column-bg-container-agni-column-11316\" ><div class=\"section-column-bg section-column-bg-color\"  ><\/div><\/div><div class=\"wpb_wrapper\">\t\t<section class=\"tm-slider slider  default-tdt\" id=\"tdt-slider-154\" data-mobiles=\"1\" data-tabs=\"1\" data-slick='{\"arrows\": true, \"autoplaySpeed\": 8000, \"speed\": 500, \"dots\": false, \"autoplay\": true, \"slidesToShow\": 1, \"slidesToScroll\": 1, \"fade\": false}'>\r\n\t\t    \t\t<div class=\"carousel-caption\" style=\"background: none\">\r\n\t\t  <div>\r\n\t\t  \t\t\t\t\t\t\t\t<a>\r\n\t\t\t\t\t\t\t\t\t  \t<img decoding=\"async\" src=\"https:\/\/www.gerriets-acoustics.com\/wp-content\/uploads\/2017\/10\/gw-2016-koeln-holzmarkt1-1.jpg\" alt=\"\" class=\"ultimate-slide-img\" style=\"max-width: 100%;width: 1000px;height:;border-radius: 0;margin-bottom: 15px\">\r\n\t\t\t\t\r\n\t\t\t\t<\/a>\r\n\t\t  \t<span class=\"content-section\" style=\"text-align: center;top: 0%\">\r\n\t\t\t  \t<h2 class=\"tdt-slider-heading\" style=\"font-size: 22px;color:;font-weight: normal;line-height: 1\">\r\n\t\t\t  \t\t\t\t\t  \t<\/h2>\r\n\t\t\t  \t\t\t\t  \t\r\n\t\t\t  \t<br>\r\n\r\n\t\t\t  \t\t\t\t  \t<p>&nbsp;<\/p>\r\n\t\t  \t<\/span>\r\n\t\t  <\/div>\r\n\t\t<\/div>\r\n\t\t\t\t<div class=\"carousel-caption\" style=\"background: none\">\r\n\t\t  <div>\r\n\t\t  \t\t\t\t\t\t\t\t<a>\r\n\t\t\t\t\t\t\t\t\t  \t<img decoding=\"async\" src=\"https:\/\/www.gerriets-acoustics.com\/wp-content\/uploads\/2017\/10\/gw-2016-koeln-holzmarkt1-2.jpg\" alt=\"\" class=\"ultimate-slide-img\" style=\"max-width: 100%;width: 1000px;height:;border-radius: 0;margin-bottom: 15px\">\r\n\t\t\t\t\r\n\t\t\t\t<\/a>\r\n\t\t  \t<span class=\"content-section\" style=\"text-align: center;top: 0%\">\r\n\t\t\t  \t<h2 class=\"tdt-slider-heading\" style=\"font-size: 22px;color:;font-weight: normal;line-height: 1\">\r\n\t\t\t  \t\t\t\t\t  \t<\/h2>\r\n\t\t\t  \t\t\t\t  \t\r\n\t\t\t  \t<br>\r\n\r\n\t\t\t  \t\t\t\t  \t<p>&nbsp;<\/p>\r\n\t\t  \t<\/span>\r\n\t\t  <\/div>\r\n\t\t<\/div>\r\n\t\t\t\t<div class=\"carousel-caption\" style=\"background: none\">\r\n\t\t  <div>\r\n\t\t  \t\t\t\t\t\t\t\t<a>\r\n\t\t\t\t\t\t\t\t\t  \t<img decoding=\"async\" src=\"https:\/\/www.gerriets-acoustics.com\/wp-content\/uploads\/2017\/10\/gw-2016-koeln-holzmarkt1-3.jpg\" alt=\"\" class=\"ultimate-slide-img\" style=\"max-width: 100%;width: 1000px;height:;border-radius: 0;margin-bottom: 15px\">\r\n\t\t\t\t\r\n\t\t\t\t<\/a>\r\n\t\t  \t<span class=\"content-section\" style=\"text-align: center;top: 0%\">\r\n\t\t\t  \t<h2 class=\"tdt-slider-heading\" style=\"font-size: 22px;color:;font-weight: normal;line-height: 1\">\r\n\t\t\t  \t\t\t\t\t  \t<\/h2>\r\n\t\t\t  \t\t\t\t  \t\r\n\t\t\t  \t<br>\r\n\r\n\t\t\t  \t\t\t\t  \t<p>&nbsp;<\/p>\r\n\t\t  \t<\/span>\r\n\t\t  <\/div>\r\n\t\t<\/div>\r\n\t\t\t\t<\/section>\r\n\r\n\t\t<style>\r\n\t\t\t#tdt-slider-154 .slick-slide {\r\n\t\t\t\tpadding: 0 0px !important;\r\n\t\t\t}\r\n\t\t\t\t\t\t\t\t\t\t#tdt-slider-154 .slick-next:before, #tdt-slider-154 .slick-prev:before {\r\n\t\t\t\t\tcolor: #000000 !important;\r\n\t\t\t\t\tbackground:  !important;\r\n\t\t\t\t\tfont-size: 20px !important;\r\n\t\t\t\t}\r\n\t\t\t\t\t\t\t\t<\/style>\r\n\t\t<\/div><\/div><\/div><\/div><\/div><\/div><div id=\"agni-row-91190\" class=\"section-row\" ><div class=\"section-row-bg-container section-row-bg-container-agni-row-91190\"><div class=\"section-row-bg section-row-bg-color\"  ><\/div><\/div><div class=\"container\"><div class=\"vc_row vc_row_fluid\"><div id=\"agni-column-26755\" class=\"wpb_column agni_column_container agni_column vc_column_container vc_col-sm-10\"><div class=\"agni_column-inner vc_column-inner text-left\"  ><div class=\"section-column-bg-container section-column-bg-container-agni-column-26755\" ><div class=\"section-column-bg section-column-bg-color\"  ><\/div><\/div><div class=\"wpb_wrapper\">\n\t<div id=\"\" class=\"agni_text_column agni-text-block\"  >\n\t\t<p style=\"padding-left: 30px;\"><strong>Datos del proyecto<\/strong><\/p>\n<ul>\n<li>Cortinas para el vest\u00edbulo de un nuevo edificio de oficinas que sirven como elemento de dise\u00f1o y al mismo tiempo crean un ambiente ac\u00fasticamente optimizado y moderno.<\/li>\n<li>Fabricaci\u00f3n e instalaci\u00f3n de dos sistemas de cortinas de ABSORBER LIGHT, en color antracita.<\/li>\n<li>Suspensi\u00f3n a partir de dos sistemas de ra\u00edles ELEGANCE motorizados<\/li>\n<\/ul>\n<p style=\"padding-left: 30px;\"><strong>Cliente final<\/strong><br \/>\nMathes GmbH<\/p>\n<p style=\"padding-left: 30px;\"><strong>Ubicaci\u00f3n<br \/>\n<\/strong>Colonia \/ Alemania<\/p>\n\n\t<\/div>\n<div class=\"agni_empty_space vc_empty_space\"  style=\"height: 30px\" data-height = \"30px\" data-height-tab = \"30px\" data-height-mobile = \"30px\"><span class=\"vc_empty_space_inner\"><\/span><\/div>\n<\/div><\/div><\/div><div id=\"agni-column-93363\" class=\"wpb_column agni_column_container agni_column vc_column_container vc_col-sm-2\"><div class=\"agni_column-inner vc_column-inner text-left\"  ><div class=\"section-column-bg-container section-column-bg-container-agni-column-93363\" ><div class=\"section-column-bg section-column-bg-color\"  ><\/div><\/div><div class=\"wpb_wrapper\"><\/div><\/div><\/div><\/div><\/div><\/div><\/section>\n<\/section>","protected":false},"excerpt":{"rendered":"&nbsp; &nbsp; &nbsp; Projektdaten Vorh\u00e4nge f\u00fcr das Foyer eines B\u00fcroneubaus, die als Designelement dienen und gleichzeitig eine akustisch optimierte und moderne Atmosph\u00e4re schaffen Fertigung und Installation von zwei Vorhanganlagen aus ABSORBER LIGHT, in der Farbe Anthrazit Aufh\u00e4ngung an zwei motorbetriebenen ELEGANCE Schienensystemen Endkunde Mathes GmbH Standort K\u00f6ln \/ Deutschland","protected":false},"featured_media":8788,"menu_order":0,"comment_status":"closed","ping_status":"closed","template":"","class_list":["post-2580","portfolio","type-portfolio","status-publish","has-post-thumbnail","hentry","types-buerowelten","types-lichtdurchlaessige-stoffe","types-oeffentlicher-aum","types-schienensystem-elegance"],"aioseo_notices":[],"_links":{"self":[{"href":"https:\/\/www.gerriets-acoustics.com\/es\/wp-json\/wp\/v2\/portfolio\/2580","targetHints":{"allow":["GET"]}}],"collection":[{"href":"https:\/\/www.gerriets-acoustics.com\/es\/wp-json\/wp\/v2\/portfolio"}],"about":[{"href":"https:\/\/www.gerriets-acoustics.com\/es\/wp-json\/wp\/v2\/types\/portfolio"}],"replies":[{"embeddable":true,"href":"https:\/\/www.gerriets-acoustics.com\/es\/wp-json\/wp\/v2\/comments?post=2580"}],"wp:featuredmedia":[{"embeddable":true,"href":"https:\/\/www.gerriets-acoustics.com\/es\/wp-json\/wp\/v2\/media\/8788"}],"wp:attachment":[{"href":"https:\/\/www.gerriets-acoustics.com\/es\/wp-json\/wp\/v2\/media?parent=2580"}],"curies":[{"name":"wp","href":"https:\/\/api.w.org\/{rel}","templated":true}]}}

<section class="wpb-content-wrapper"><section class="vc_section agni-section"><div id="agni-row-60676" class="section-row" ><div class="section-row-bg-container section-row-bg-container-agni-row-60676"><div class="section-row-bg section-row-bg-color"  ></div></div><div class="container"><div class="vc_row vc_row_fluid"><div id="agni-column-11316" class="wpb_column agni_column_container agni_column vc_column_container vc_col-sm-12"><div class="agni_column-inner vc_column-inner text-left"  ><div class="section-column-bg-container section-column-bg-container-agni-column-11316" ><div class="section-column-bg section-column-bg-color"  ></div></div><div class="wpb_wrapper">		<section class="tm-slider slider  default-tdt" id="tdt-slider-154" data-mobiles="1" data-tabs="1" data-slick='{"arrows": true, "autoplaySpeed": 8000, "speed": 500, "dots": false, "autoplay": true, "slidesToShow": 1, "slidesToScroll": 1, "fade": false}'>
		    		<div class="carousel-caption" style="background: none">
		  <div>
		  								<a>
									  	<img decoding="async" src="https://www.gerriets-acoustics.com/wp-content/uploads/2017/10/gw-2016-koeln-holzmarkt1-1.jpg" alt="" class="ultimate-slide-img" style="max-width: 100%;width: 1000px;height:;border-radius: 0;margin-bottom: 15px">
				
				</a>
		  	<span class="content-section" style="text-align: center;top: 0%">
			  	<h2 class="tdt-slider-heading" style="font-size: 22px;color:;font-weight: normal;line-height: 1">
			  					  	</h2>
			  				  	
			  	<br>

			  				  	<p>&nbsp;</p>
		  	</span>
		  </div>
		</div>
				<div class="carousel-caption" style="background: none">
		  <div>
		  								<a>
									  	<img decoding="async" src="https://www.gerriets-acoustics.com/wp-content/uploads/2017/10/gw-2016-koeln-holzmarkt1-2.jpg" alt="" class="ultimate-slide-img" style="max-width: 100%;width: 1000px;height:;border-radius: 0;margin-bottom: 15px">
				
				</a>
		  	<span class="content-section" style="text-align: center;top: 0%">
			  	<h2 class="tdt-slider-heading" style="font-size: 22px;color:;font-weight: normal;line-height: 1">
			  					  	</h2>
			  				  	
			  	<br>

			  				  	<p>&nbsp;</p>
		  	</span>
		  </div>
		</div>
				<div class="carousel-caption" style="background: none">
		  <div>
		  								<a>
									  	<img decoding="async" src="https://www.gerriets-acoustics.com/wp-content/uploads/2017/10/gw-2016-koeln-holzmarkt1-3.jpg" alt="" class="ultimate-slide-img" style="max-width: 100%;width: 1000px;height:;border-radius: 0;margin-bottom: 15px">
				
				</a>
		  	<span class="content-section" style="text-align: center;top: 0%">
			  	<h2 class="tdt-slider-heading" style="font-size: 22px;color:;font-weight: normal;line-height: 1">
			  					  	</h2>
			  				  	
			  	<br>

			  				  	<p>&nbsp;</p>
		  	</span>
		  </div>
		</div>
				</section>

		<style>
			#tdt-slider-154 .slick-slide {
				padding: 0 0px !important;
			}
										#tdt-slider-154 .slick-next:before, #tdt-slider-154 .slick-prev:before {
					color: #000000 !important;
					background:  !important;
					font-size: 20px !important;
				}
								</style>
		</div></div></div></div></div></div><div id="agni-row-91190" class="section-row" ><div class="section-row-bg-container section-row-bg-container-agni-row-91190"><div class="section-row-bg section-row-bg-color"  ></div></div><div class="container"><div class="vc_row vc_row_fluid"><div id="agni-column-26755" class="wpb_column agni_column_container agni_column vc_column_container vc_col-sm-10"><div class="agni_column-inner vc_column-inner text-left"  ><div class="section-column-bg-container section-column-bg-container-agni-column-26755" ><div class="section-column-bg section-column-bg-color"  ></div></div><div class="wpb_wrapper">
	<div id="" class="agni_text_column agni-text-block"  >
		<p style="padding-left: 30px;"><strong>Datos del proyecto</strong></p>
<ul>
<li>Cortinas para el vestíbulo de un nuevo edificio de oficinas que sirven como elemento de diseño y al mismo tiempo crean un ambiente acústicamente optimizado y moderno.</li>
<li>Fabricación e instalación de dos sistemas de cortinas de ABSORBER LIGHT, en color antracita.</li>
<li>Suspensión a partir de dos sistemas de raíles ELEGANCE motorizados</li>
</ul>
<p style="padding-left: 30px;"><strong>Cliente final</strong><br />
Mathes GmbH</p>
<p style="padding-left: 30px;"><strong>Ubicación<br />
</strong>Colonia / Alemania</p>

	</div>
<div class="agni_empty_space vc_empty_space"  style="height: 30px" data-height = "30px" data-height-tab = "30px" data-height-mobile = "30px"><span class="vc_empty_space_inner"></span></div>
</div></div></div><div id="agni-column-93363" class="wpb_column agni_column_container agni_column vc_column_container vc_col-sm-2"><div class="agni_column-inner vc_column-inner text-left"  ><div class="section-column-bg-container section-column-bg-container-agni-column-93363" ><div class="section-column-bg section-column-bg-color"  ></div></div><div class="wpb_wrapper"></div></div></div></div></div></div></section>
</section>

&nbsp; &nbsp; &nbsp; Projektdaten Vorhänge für das Foyer eines Büroneubaus, die als Designelement dienen und gleichzeitig eine akustisch optimierte und moderne Atmosphäre schaffen Fertigung und Installation von zwei Vorhanganlagen aus ABSORBER LIGHT, in der Farbe Anthrazit Aufhängung an zwei motorbetriebenen ELEGANCE Schienensystemen Endkunde Mathes GmbH Standort Köln / Deutschland
