{"id":7455,"date":"2022-04-04T11:40:15","date_gmt":"2022-04-04T09:40:15","guid":{"rendered":"https:\/\/gerriets2021.webproofed.de\/?post_type=portfolio&#038;p=7455"},"modified":"2022-06-23T11:14:42","modified_gmt":"2022-06-23T09:14:42","slug":"gurten-pavillon-wabern-schweiz","status":"publish","type":"portfolio","link":"https:\/\/www.gerriets-acoustics.com\/es\/portfolio\/gurten-pavillon-wabern-suiza\/","title":{"rendered":"Pabell\u00f3n Gurten<br> Wabern \/ Suiza"},"content":{"rendered":"<section class=\"wpb-content-wrapper\"><section class=\"vc_section agni-section\"><div id=\"agni-row-39321\" class=\"section-row\" ><div class=\"section-row-bg-container section-row-bg-container-agni-row-39321\"><div class=\"section-row-bg section-row-bg-color\"  ><\/div><\/div><div class=\"container\"><div class=\"vc_row vc_row_fluid\"><div id=\"agni-column-16288\" class=\"wpb_column agni_column_container agni_column vc_column_container vc_col-sm-12\"><div class=\"agni_column-inner vc_column-inner text-left\"  ><div class=\"section-column-bg-container section-column-bg-container-agni-column-16288\" ><div class=\"section-column-bg section-column-bg-color\"  ><\/div><\/div><div class=\"wpb_wrapper\">\t\t<section class=\"tm-slider slider  default-tdt\" id=\"tdt-slider-124\" data-mobiles=\"1\" data-tabs=\"1\" data-slick='{\"arrows\": true, \"autoplaySpeed\": 8000, \"speed\": 500, \"dots\": true, \"autoplay\": true, \"slidesToShow\": 1, \"slidesToScroll\": 1, \"fade\": false}'>\r\n\t\t    \t\t<div class=\"carousel-caption\" style=\"background: none\">\r\n\t\t  <div>\r\n\t\t  \t\t\t\t\t\t\t\t<a>\r\n\t\t\t\t\t\t\t\t\t  \t<img decoding=\"async\" src=\"https:\/\/www.gerriets-acoustics.com\/wp-content\/uploads\/2022\/04\/gw-2019-pavillon-gurten-1.jpg\" alt=\"\" class=\"ultimate-slide-img\" style=\"max-width: 100%;width: 1000px;height:;border-radius: 0;margin-bottom: 15px\">\r\n\t\t\t\t\r\n\t\t\t\t<\/a>\r\n\t\t  \t<span class=\"content-section\" style=\"text-align: center;top: 0%\">\r\n\t\t\t  \t<h2 class=\"tdt-slider-heading\" style=\"font-size: 22px;color:;font-weight: normal;line-height: 1\">\r\n\t\t\t  \t\t\t\t\t  \t<\/h2>\r\n\t\t\t  \t\t\t\t  \t\r\n\t\t\t  \t<br>\r\n\r\n\t\t\t  \t\t\t\t  \t<p>&nbsp;<\/p>\r\n\t\t  \t<\/span>\r\n\t\t  <\/div>\r\n\t\t<\/div>\r\n\t\t\t\t<div class=\"carousel-caption\" style=\"background: none\">\r\n\t\t  <div>\r\n\t\t  \t\t\t\t\t\t\t\t<a>\r\n\t\t\t\t\t\t\t\t\t  \t<img decoding=\"async\" src=\"https:\/\/www.gerriets-acoustics.com\/wp-content\/uploads\/2022\/04\/gw-2019-pavillon-gurten-2.jpg\" alt=\"\" class=\"ultimate-slide-img\" style=\"max-width: 100%;width: 1000px;height:;border-radius: 0;margin-bottom: 15px\">\r\n\t\t\t\t\r\n\t\t\t\t<\/a>\r\n\t\t  \t<span class=\"content-section\" style=\"text-align: center;top: 0%\">\r\n\t\t\t  \t<h2 class=\"tdt-slider-heading\" style=\"font-size: 22px;color:;font-weight: normal;line-height: 1\">\r\n\t\t\t  \t\t\t\t\t  \t<\/h2>\r\n\t\t\t  \t\t\t\t  \t\r\n\t\t\t  \t<br>\r\n\r\n\t\t\t  \t\t\t\t  \t<p>&nbsp;<\/p>\r\n\t\t  \t<\/span>\r\n\t\t  <\/div>\r\n\t\t<\/div>\r\n\t\t\t\t<div class=\"carousel-caption\" style=\"background: none\">\r\n\t\t  <div>\r\n\t\t  \t\t\t\t\t\t\t\t<a>\r\n\t\t\t\t\t\t\t\t\t  \t<img decoding=\"async\" src=\"https:\/\/www.gerriets-acoustics.com\/wp-content\/uploads\/2022\/04\/gw-2019-pavillon-gurten-3.jpg\" alt=\"\" class=\"ultimate-slide-img\" style=\"max-width: 100%;width: 1000px;height:;border-radius: 0;margin-bottom: 15px\">\r\n\t\t\t\t\r\n\t\t\t\t<\/a>\r\n\t\t  \t<span class=\"content-section\" style=\"text-align: center;top: 0%\">\r\n\t\t\t  \t<h2 class=\"tdt-slider-heading\" style=\"font-size: 22px;color:;font-weight: normal;line-height: 1\">\r\n\t\t\t  \t\t\t\t\t  \t<\/h2>\r\n\t\t\t  \t\t\t\t  \t\r\n\t\t\t  \t<br>\r\n\r\n\t\t\t  \t\t\t\t  \t<p>&nbsp;<\/p>\r\n\t\t  \t<\/span>\r\n\t\t  <\/div>\r\n\t\t<\/div>\r\n\t\t\t\t<\/section>\r\n\r\n\t\t<style>\r\n\t\t\t#tdt-slider-124 .slick-slide {\r\n\t\t\t\tpadding: 0 0px !important;\r\n\t\t\t}\r\n\t\t\t\t\t\t\t#tdt-slider-124 .slick-dots li button:before{\r\n\t\t\t\t\tcolor: #777777;\r\n\t\t\t\t\tfont-size: 30px !important;\r\n\t\t\t\t\tborder: 2px solid transparent;\r\n\t\t\t\t}\r\n\t\t\t\t\t\t\t\t\t\t#tdt-slider-124 .slick-next:before, #tdt-slider-124 .slick-prev:before {\r\n\t\t\t\t\tcolor: #000000 !important;\r\n\t\t\t\t\tbackground:  !important;\r\n\t\t\t\t\tfont-size: 20px !important;\r\n\t\t\t\t}\r\n\t\t\t\t\t\t\t\t<\/style>\r\n\t\t<\/div><\/div><\/div><\/div><\/div><\/div><div id=\"agni-row-30653\" class=\"section-row\" ><div class=\"section-row-bg-container section-row-bg-container-agni-row-30653\"><div class=\"section-row-bg section-row-bg-color\"  ><\/div><\/div><div class=\"container\"><div class=\"vc_row vc_row_fluid\"><div id=\"agni-column-46058\" class=\"wpb_column agni_column_container agni_column vc_column_container vc_col-sm-10\"><div class=\"agni_column-inner vc_column-inner text-left\"  ><div class=\"section-column-bg-container section-column-bg-container-agni-column-46058\" ><div class=\"section-column-bg section-column-bg-color\"  ><\/div><\/div><div class=\"wpb_wrapper\">\n\t<div id=\"\" class=\"agni_text_column agni-text-block\"  >\n\t\t<p><strong>Datos del proyecto<\/strong><\/p>\n<ul>\n<li>Cortina exterior de dise\u00f1o con propiedades opacas y antideslumbrantes para un lugar de eventos acristalado con vistas a Berna<\/li>\n<li>seis cortinas de exterior de FAHNENTUCH CS; tama\u00f1o total de la cortina: 70,8 x 4,4 m; en color beige<\/li>\n<li>Montaje en sistema de carriles TRUMPF 95 guiado por arriba y por abajo con accionamientos FRICTION-DRIVE y mandos G-FRAME<\/li>\n<\/ul>\n<div>\n<div>\n<div>\n<p><strong><br \/>\nArquitectos<br \/>\n<\/strong>:mlzd; SAJ Architekten AG<\/p>\n<p><strong>Cliente<br \/>\n<\/strong>Cooperativa Migros Aare<\/p>\n<p><strong>Ubicaci\u00f3n<br \/>\n<\/strong>Wabern \/ Suiza<\/p>\n<\/div>\n<\/div>\n<\/div>\n\n\t<\/div>\n<div class=\"agni_empty_space vc_empty_space\"  style=\"height: 30px\" data-height = \"30px\" data-height-tab = \"30px\" data-height-mobile = \"30px\"><span class=\"vc_empty_space_inner\"><\/span><\/div>\n<\/div><\/div><\/div><div id=\"agni-column-59422\" class=\"wpb_column agni_column_container agni_column vc_column_container vc_col-sm-2\"><div class=\"agni_column-inner vc_column-inner text-left\"  ><div class=\"section-column-bg-container section-column-bg-container-agni-column-59422\" ><div class=\"section-column-bg section-column-bg-color\"  ><\/div><\/div><div class=\"wpb_wrapper\"><\/div><\/div><\/div><\/div><\/div><\/div><\/section>\n<\/section>","protected":false},"excerpt":{"rendered":"&nbsp; &nbsp; &nbsp; Projektdaten Design-Au\u00dfenvorhang mit Verdunkelungs- und Blendschutzeigenschaften f\u00fcr rundum verglaste Eventlokation mit Blick \u00fcber Bern sechs Outdoor-Vorh\u00e4nge aus FAHNENTUCH CS; Gesamtma\u00df der Vorh\u00e4nge: 70,8 x 4,4 m; in der Farbe Beige Montage an oben und unten gef\u00fchrtem TRUMPF 95-Schienensystem mit FRICTION-DRIVE-Antrieben und G-FRAME-Steuerung Architekten :mlzd; SAJ Architekten AG Kunde Genossenschaft Migros Aare Standort [...]","protected":false},"featured_media":7491,"menu_order":0,"comment_status":"closed","ping_status":"closed","template":"","class_list":["post-7455","portfolio","type-portfolio","status-publish","has-post-thumbnail","hentry","types-aussenvorhaenge","types-gastronomie-und-handel","types-schienensystem-trumpf-95"],"aioseo_notices":[],"_links":{"self":[{"href":"https:\/\/www.gerriets-acoustics.com\/es\/wp-json\/wp\/v2\/portfolio\/7455","targetHints":{"allow":["GET"]}}],"collection":[{"href":"https:\/\/www.gerriets-acoustics.com\/es\/wp-json\/wp\/v2\/portfolio"}],"about":[{"href":"https:\/\/www.gerriets-acoustics.com\/es\/wp-json\/wp\/v2\/types\/portfolio"}],"replies":[{"embeddable":true,"href":"https:\/\/www.gerriets-acoustics.com\/es\/wp-json\/wp\/v2\/comments?post=7455"}],"wp:featuredmedia":[{"embeddable":true,"href":"https:\/\/www.gerriets-acoustics.com\/es\/wp-json\/wp\/v2\/media\/7491"}],"wp:attachment":[{"href":"https:\/\/www.gerriets-acoustics.com\/es\/wp-json\/wp\/v2\/media?parent=7455"}],"curies":[{"name":"wp","href":"https:\/\/api.w.org\/{rel}","templated":true}]}}

Pabellón Gurten<br> Wabern / Suiza

<section class="wpb-content-wrapper"><section class="vc_section agni-section"><div id="agni-row-39321" class="section-row" ><div class="section-row-bg-container section-row-bg-container-agni-row-39321"><div class="section-row-bg section-row-bg-color"  ></div></div><div class="container"><div class="vc_row vc_row_fluid"><div id="agni-column-16288" class="wpb_column agni_column_container agni_column vc_column_container vc_col-sm-12"><div class="agni_column-inner vc_column-inner text-left"  ><div class="section-column-bg-container section-column-bg-container-agni-column-16288" ><div class="section-column-bg section-column-bg-color"  ></div></div><div class="wpb_wrapper">		<section class="tm-slider slider  default-tdt" id="tdt-slider-124" data-mobiles="1" data-tabs="1" data-slick='{"arrows": true, "autoplaySpeed": 8000, "speed": 500, "dots": true, "autoplay": true, "slidesToShow": 1, "slidesToScroll": 1, "fade": false}'>
		    		<div class="carousel-caption" style="background: none">
		  <div>
		  								<a>
									  	<img decoding="async" src="https://www.gerriets-acoustics.com/wp-content/uploads/2022/04/gw-2019-pavillon-gurten-1.jpg" alt="" class="ultimate-slide-img" style="max-width: 100%;width: 1000px;height:;border-radius: 0;margin-bottom: 15px">
				
				</a>
		  	<span class="content-section" style="text-align: center;top: 0%">
			  	<h2 class="tdt-slider-heading" style="font-size: 22px;color:;font-weight: normal;line-height: 1">
			  					  	</h2>
			  				  	
			  	<br>

			  				  	<p>&nbsp;</p>
		  	</span>
		  </div>
		</div>
				<div class="carousel-caption" style="background: none">
		  <div>
		  								<a>
									  	<img decoding="async" src="https://www.gerriets-acoustics.com/wp-content/uploads/2022/04/gw-2019-pavillon-gurten-2.jpg" alt="" class="ultimate-slide-img" style="max-width: 100%;width: 1000px;height:;border-radius: 0;margin-bottom: 15px">
				
				</a>
		  	<span class="content-section" style="text-align: center;top: 0%">
			  	<h2 class="tdt-slider-heading" style="font-size: 22px;color:;font-weight: normal;line-height: 1">
			  					  	</h2>
			  				  	
			  	<br>

			  				  	<p>&nbsp;</p>
		  	</span>
		  </div>
		</div>
				<div class="carousel-caption" style="background: none">
		  <div>
		  								<a>
									  	<img decoding="async" src="https://www.gerriets-acoustics.com/wp-content/uploads/2022/04/gw-2019-pavillon-gurten-3.jpg" alt="" class="ultimate-slide-img" style="max-width: 100%;width: 1000px;height:;border-radius: 0;margin-bottom: 15px">
				
				</a>
		  	<span class="content-section" style="text-align: center;top: 0%">
			  	<h2 class="tdt-slider-heading" style="font-size: 22px;color:;font-weight: normal;line-height: 1">
			  					  	</h2>
			  				  	
			  	<br>

			  				  	<p>&nbsp;</p>
		  	</span>
		  </div>
		</div>
				</section>

		<style>
			#tdt-slider-124 .slick-slide {
				padding: 0 0px !important;
			}
							#tdt-slider-124 .slick-dots li button:before{
					color: #777777;
					font-size: 30px !important;
					border: 2px solid transparent;
				}
										#tdt-slider-124 .slick-next:before, #tdt-slider-124 .slick-prev:before {
					color: #000000 !important;
					background:  !important;
					font-size: 20px !important;
				}
								</style>
		</div></div></div></div></div></div><div id="agni-row-30653" class="section-row" ><div class="section-row-bg-container section-row-bg-container-agni-row-30653"><div class="section-row-bg section-row-bg-color"  ></div></div><div class="container"><div class="vc_row vc_row_fluid"><div id="agni-column-46058" class="wpb_column agni_column_container agni_column vc_column_container vc_col-sm-10"><div class="agni_column-inner vc_column-inner text-left"  ><div class="section-column-bg-container section-column-bg-container-agni-column-46058" ><div class="section-column-bg section-column-bg-color"  ></div></div><div class="wpb_wrapper">
	<div id="" class="agni_text_column agni-text-block"  >
		<p><strong>Datos del proyecto</strong></p>
<ul>
<li>Cortina exterior de diseño con propiedades opacas y antideslumbrantes para un lugar de eventos acristalado con vistas a Berna</li>
<li>seis cortinas de exterior de FAHNENTUCH CS; tamaño total de la cortina: 70,8 x 4,4 m; en color beige</li>
<li>Montaje en sistema de carriles TRUMPF 95 guiado por arriba y por abajo con accionamientos FRICTION-DRIVE y mandos G-FRAME</li>
</ul>
<div>
<div>
<div>
<p><strong><br />
Arquitectos<br />
</strong>:mlzd; SAJ Architekten AG</p>
<p><strong>Cliente<br />
</strong>Cooperativa Migros Aare</p>
<p><strong>Ubicación<br />
</strong>Wabern / Suiza</p>
</div>
</div>
</div>

	</div>
<div class="agni_empty_space vc_empty_space"  style="height: 30px" data-height = "30px" data-height-tab = "30px" data-height-mobile = "30px"><span class="vc_empty_space_inner"></span></div>
</div></div></div><div id="agni-column-59422" class="wpb_column agni_column_container agni_column vc_column_container vc_col-sm-2"><div class="agni_column-inner vc_column-inner text-left"  ><div class="section-column-bg-container section-column-bg-container-agni-column-59422" ><div class="section-column-bg section-column-bg-color"  ></div></div><div class="wpb_wrapper"></div></div></div></div></div></div></section>
</section>

&nbsp; &nbsp; &nbsp; Projektdaten Design-Außenvorhang mit Verdunkelungs- und Blendschutzeigenschaften für rundum verglaste Eventlokation mit Blick über Bern sechs Outdoor-Vorhänge aus FAHNENTUCH CS; Gesamtmaß der Vorhänge: 70,8 x 4,4 m; in der Farbe Beige Montage an oben und unten geführtem TRUMPF 95-Schienensystem mit FRICTION-DRIVE-Antrieben und G-FRAME-Steuerung Architekten :mlzd; SAJ Architekten AG Kunde Genossenschaft Migros Aare Standort [...]
