{"id":2505,"date":"2017-10-10T17:22:39","date_gmt":"2017-10-10T15:22:39","guid":{"rendered":"http:\/\/gerriets.webproofed.de\/?post_type=portfolio&#038;p=2505"},"modified":"2022-06-08T13:30:29","modified_gmt":"2022-06-08T11:30:29","slug":"bibliothek-fuer-architektur-kunst-design-fachhochschule-muenster","status":"publish","type":"portfolio","link":"https:\/\/www.gerriets-acoustics.com\/fr\/portfolio\/bibliothek-fuer-architektur-kunst-design-fachhochschule-muenster\/","title":{"rendered":"Biblioth\u00e8que pour l'architecture, l'art &amp; le design \/ Universit\u00e9 des sciences appliqu\u00e9es de M\u00fcnster <br> M\u00fcnster \/ Allemagne"},"content":{"rendered":"<section class=\"wpb-content-wrapper\"><section class=\"vc_section agni-section\"><div id=\"agni-row-57450\" class=\"section-row\" ><div class=\"section-row-bg-container section-row-bg-container-agni-row-57450\"><div class=\"section-row-bg section-row-bg-color\"  ><\/div><\/div><div class=\"container\"><div class=\"vc_row vc_row_fluid\"><div id=\"agni-column-97607\" class=\"wpb_column agni_column_container agni_column vc_column_container vc_col-sm-12\"><div class=\"agni_column-inner vc_column-inner text-left\"  ><div class=\"section-column-bg-container section-column-bg-container-agni-column-97607\" ><div class=\"section-column-bg section-column-bg-color\"  ><\/div><\/div><div class=\"wpb_wrapper\">\t\t<section class=\"tm-slider slider  default-tdt\" id=\"tdt-slider-442\" data-mobiles=\"1\" data-tabs=\"1\" data-slick='{\"arrows\": true, \"autoplaySpeed\": 8000, \"speed\": 500, \"dots\": false, \"autoplay\": true, \"slidesToShow\": 1, \"slidesToScroll\": 1, \"fade\": false}'>\r\n\t\t    \t\t<div class=\"carousel-caption\" style=\"background: none\">\r\n\t\t  <div>\r\n\t\t  \t\t\t\t\t\t\t\t<a>\r\n\t\t\t\t\t\t\t\t\t  \t<img decoding=\"async\" src=\"https:\/\/www.gerriets-acoustics.com\/wp-content\/uploads\/2017\/10\/2010-bibliothek-muenster-1.jpg\" alt=\"\" class=\"ultimate-slide-img\" style=\"max-width: 100%;width: 1000px;height:;border-radius: 0;margin-bottom: 15px\">\r\n\t\t\t\t\r\n\t\t\t\t<\/a>\r\n\t\t  \t<span class=\"content-section\" style=\"text-align: center;top: 0%\">\r\n\t\t\t  \t<h2 class=\"tdt-slider-heading\" style=\"font-size: 22px;color:;font-weight: normal;line-height: 1\">\r\n\t\t\t  \t\t\t\t\t  \t<\/h2>\r\n\t\t\t  \t\t\t\t  \t\r\n\t\t\t  \t<br>\r\n\r\n\t\t\t  \t\t\t\t  \t<p>&nbsp;<\/p>\r\n\t\t  \t<\/span>\r\n\t\t  <\/div>\r\n\t\t<\/div>\r\n\t\t\t\t<div class=\"carousel-caption\" style=\"background: none\">\r\n\t\t  <div>\r\n\t\t  \t\t\t\t\t\t\t\t<a>\r\n\t\t\t\t\t\t\t\t\t  \t<img decoding=\"async\" src=\"https:\/\/www.gerriets-acoustics.com\/wp-content\/uploads\/2017\/10\/2010-bibliothek-muenster-2.jpg\" alt=\"\" class=\"ultimate-slide-img\" style=\"max-width: 100%;width: 1000px;height:;border-radius: 0;margin-bottom: 15px\">\r\n\t\t\t\t\r\n\t\t\t\t<\/a>\r\n\t\t  \t<span class=\"content-section\" style=\"text-align: center;top: 0%\">\r\n\t\t\t  \t<h2 class=\"tdt-slider-heading\" style=\"font-size: 22px;color:;font-weight: normal;line-height: 1\">\r\n\t\t\t  \t\t\t\t\t  \t<\/h2>\r\n\t\t\t  \t\t\t\t  \t\r\n\t\t\t  \t<br>\r\n\r\n\t\t\t  \t\t\t\t  \t<p>&nbsp;<\/p>\r\n\t\t  \t<\/span>\r\n\t\t  <\/div>\r\n\t\t<\/div>\r\n\t\t\t\t<div class=\"carousel-caption\" style=\"background: none\">\r\n\t\t  <div>\r\n\t\t  \t\t\t\t\t\t\t\t<a>\r\n\t\t\t\t\t\t\t\t\t  \t<img decoding=\"async\" src=\"https:\/\/www.gerriets-acoustics.com\/wp-content\/uploads\/2017\/10\/2010-bibliothek-muenster-3.jpg\" alt=\"\" class=\"ultimate-slide-img\" style=\"max-width: 100%;width: 1000px;height:;border-radius: 0;margin-bottom: 15px\">\r\n\t\t\t\t\r\n\t\t\t\t<\/a>\r\n\t\t  \t<span class=\"content-section\" style=\"text-align: center;top: 0%\">\r\n\t\t\t  \t<h2 class=\"tdt-slider-heading\" style=\"font-size: 22px;color:;font-weight: normal;line-height: 1\">\r\n\t\t\t  \t\t\t\t\t  \t<\/h2>\r\n\t\t\t  \t\t\t\t  \t\r\n\t\t\t  \t<br>\r\n\r\n\t\t\t  \t\t\t\t  \t<p>&nbsp;<\/p>\r\n\t\t  \t<\/span>\r\n\t\t  <\/div>\r\n\t\t<\/div>\r\n\t\t\t\t<\/section>\r\n\r\n\t\t<style>\r\n\t\t\t#tdt-slider-442 .slick-slide {\r\n\t\t\t\tpadding: 0 0px !important;\r\n\t\t\t}\r\n\t\t\t\t\t\t\t\t\t\t#tdt-slider-442 .slick-next:before, #tdt-slider-442 .slick-prev:before {\r\n\t\t\t\t\tcolor: #000000 !important;\r\n\t\t\t\t\tbackground:  !important;\r\n\t\t\t\t\tfont-size: 20px !important;\r\n\t\t\t\t}\r\n\t\t\t\t\t\t\t\t<\/style>\r\n\t\t<\/div><\/div><\/div><\/div><\/div><\/div><div id=\"agni-row-23735\" class=\"section-row\" ><div class=\"section-row-bg-container section-row-bg-container-agni-row-23735\"><div class=\"section-row-bg section-row-bg-color\"  ><\/div><\/div><div class=\"container\"><div class=\"vc_row vc_row_fluid\"><div id=\"agni-column-81868\" class=\"wpb_column agni_column_container agni_column vc_column_container vc_col-sm-10\"><div class=\"agni_column-inner vc_column-inner text-left\"  ><div class=\"section-column-bg-container section-column-bg-container-agni-column-81868\" ><div class=\"section-column-bg section-column-bg-color\"  ><\/div><\/div><div class=\"wpb_wrapper\">\n\t<div id=\"\" class=\"agni_text_column agni-text-block\"  >\n\t\t<p style=\"padding-left: 30px;\"><strong>Donn\u00e9es du projet<\/strong><\/p>\n<ul>\n<li>R\u00e9alisation et installation d\u2019un rideau anti-bruit \u00e0 5 couches install\u00e9 sur une patience TRUMPF 95 de forme ovale.<\/li>\n<li>Dimensions : 21,00 m de large x 4,50 m de haut.<\/li>\n<li>Le rideau anti-bruit pr\u00e9sente une couche ext\u00e9rieure imprim\u00e9e aux motifs dessin\u00e9s par le client, et une couche int\u00e9rieure en SATIN CS blanc.<\/li>\n<li>Le rideau d\u00e9limite optiquement et acoustiquement un espace s\u00e9minaire dans une biblioth\u00e8que (Bibliothek f\u00fcr Architektur, Kunst &amp; Design \u00e0 M\u00fcnster).<\/li>\n<\/ul>\n<p style=\"padding-left: 30px;\"><strong>Entrepreneur g\u00e9n\u00e9ral<\/strong><br \/>\nW. Averbeck GmbH<\/p>\n<p style=\"padding-left: 30px;\"><strong>Architecte<\/strong><br \/>\nCommunaut\u00e9 de planification Zauberscho(e)n de M\u00fcnster et B\u00fchler &amp; B\u00fchler Architekten<\/p>\n<p style=\"padding-left: 30px;\"><strong>Client final<br \/>\n<\/strong>Universit\u00e9 des sciences appliqu\u00e9es de M\u00fcnster<strong><br \/>\n<\/strong><\/p>\n<p style=\"padding-left: 30px;\"><strong>Site<br \/>\n<\/strong>M\u00fcnster \/ Allemagne<\/p>\n\n\t<\/div>\n<div class=\"agni_empty_space vc_empty_space\"  style=\"height: 30px\" data-height = \"30px\" data-height-tab = \"30px\" data-height-mobile = \"30px\"><span class=\"vc_empty_space_inner\"><\/span><\/div>\n<\/div><\/div><\/div><div id=\"agni-column-62050\" class=\"wpb_column agni_column_container agni_column vc_column_container vc_col-sm-2\"><div class=\"agni_column-inner vc_column-inner text-left\"  ><div class=\"section-column-bg-container section-column-bg-container-agni-column-62050\" ><div class=\"section-column-bg section-column-bg-color\"  ><\/div><\/div><div class=\"wpb_wrapper\"><\/div><\/div><\/div><\/div><\/div><\/div><\/section>\n<\/section>","protected":false},"excerpt":{"rendered":"&nbsp; &nbsp; &nbsp; Projektdaten Optische und akustische Abtrennung eines Seminarbereiches in der Bibliothek f\u00fcr Architektur, Kunst und Design Fertigung und Installation eines 5-lagigen Schallvorhang OFFICE in Wave-Optik Au\u00dfenlagen aus wei\u00dfem SATIN CS; nach Kundenwunsch bedruckt Aufh\u00e4ngung an einer oval gebogenen TRUMPF 95-Schleuderschiene Generalunternehmer W. Averbeck GmbH Architekt Planungsgemeinschaft Zauberscho(e)n aus M\u00fcnster und B\u00fchler &amp; B\u00fchler [...]","protected":false},"featured_media":8867,"menu_order":0,"comment_status":"closed","ping_status":"closed","template":"","class_list":["post-2505","portfolio","type-portfolio","status-publish","has-post-thumbnail","hentry","types-bildung-und-lehre","types-design-und-schmuckvorhaenge","types-schallvorhang-office"],"aioseo_notices":[],"_links":{"self":[{"href":"https:\/\/www.gerriets-acoustics.com\/fr\/wp-json\/wp\/v2\/portfolio\/2505","targetHints":{"allow":["GET"]}}],"collection":[{"href":"https:\/\/www.gerriets-acoustics.com\/fr\/wp-json\/wp\/v2\/portfolio"}],"about":[{"href":"https:\/\/www.gerriets-acoustics.com\/fr\/wp-json\/wp\/v2\/types\/portfolio"}],"replies":[{"embeddable":true,"href":"https:\/\/www.gerriets-acoustics.com\/fr\/wp-json\/wp\/v2\/comments?post=2505"}],"wp:featuredmedia":[{"embeddable":true,"href":"https:\/\/www.gerriets-acoustics.com\/fr\/wp-json\/wp\/v2\/media\/8867"}],"wp:attachment":[{"href":"https:\/\/www.gerriets-acoustics.com\/fr\/wp-json\/wp\/v2\/media?parent=2505"}],"curies":[{"name":"wp","href":"https:\/\/api.w.org\/{rel}","templated":true}]}}

Bibliothèque pour l'architecture, l'art &amp; le design / Université des sciences appliquées de Münster <br> Münster / Allemagne

<section class="wpb-content-wrapper"><section class="vc_section agni-section"><div id="agni-row-57450" class="section-row" ><div class="section-row-bg-container section-row-bg-container-agni-row-57450"><div class="section-row-bg section-row-bg-color"  ></div></div><div class="container"><div class="vc_row vc_row_fluid"><div id="agni-column-97607" class="wpb_column agni_column_container agni_column vc_column_container vc_col-sm-12"><div class="agni_column-inner vc_column-inner text-left"  ><div class="section-column-bg-container section-column-bg-container-agni-column-97607" ><div class="section-column-bg section-column-bg-color"  ></div></div><div class="wpb_wrapper">		<section class="tm-slider slider  default-tdt" id="tdt-slider-442" data-mobiles="1" data-tabs="1" data-slick='{"arrows": true, "autoplaySpeed": 8000, "speed": 500, "dots": false, "autoplay": true, "slidesToShow": 1, "slidesToScroll": 1, "fade": false}'>
		    		<div class="carousel-caption" style="background: none">
		  <div>
		  								<a>
									  	<img decoding="async" src="https://www.gerriets-acoustics.com/wp-content/uploads/2017/10/2010-bibliothek-muenster-1.jpg" alt="" class="ultimate-slide-img" style="max-width: 100%;width: 1000px;height:;border-radius: 0;margin-bottom: 15px">
				
				</a>
		  	<span class="content-section" style="text-align: center;top: 0%">
			  	<h2 class="tdt-slider-heading" style="font-size: 22px;color:;font-weight: normal;line-height: 1">
			  					  	</h2>
			  				  	
			  	<br>

			  				  	<p>&nbsp;</p>
		  	</span>
		  </div>
		</div>
				<div class="carousel-caption" style="background: none">
		  <div>
		  								<a>
									  	<img decoding="async" src="https://www.gerriets-acoustics.com/wp-content/uploads/2017/10/2010-bibliothek-muenster-2.jpg" alt="" class="ultimate-slide-img" style="max-width: 100%;width: 1000px;height:;border-radius: 0;margin-bottom: 15px">
				
				</a>
		  	<span class="content-section" style="text-align: center;top: 0%">
			  	<h2 class="tdt-slider-heading" style="font-size: 22px;color:;font-weight: normal;line-height: 1">
			  					  	</h2>
			  				  	
			  	<br>

			  				  	<p>&nbsp;</p>
		  	</span>
		  </div>
		</div>
				<div class="carousel-caption" style="background: none">
		  <div>
		  								<a>
									  	<img decoding="async" src="https://www.gerriets-acoustics.com/wp-content/uploads/2017/10/2010-bibliothek-muenster-3.jpg" alt="" class="ultimate-slide-img" style="max-width: 100%;width: 1000px;height:;border-radius: 0;margin-bottom: 15px">
				
				</a>
		  	<span class="content-section" style="text-align: center;top: 0%">
			  	<h2 class="tdt-slider-heading" style="font-size: 22px;color:;font-weight: normal;line-height: 1">
			  					  	</h2>
			  				  	
			  	<br>

			  				  	<p>&nbsp;</p>
		  	</span>
		  </div>
		</div>
				</section>

		<style>
			#tdt-slider-442 .slick-slide {
				padding: 0 0px !important;
			}
										#tdt-slider-442 .slick-next:before, #tdt-slider-442 .slick-prev:before {
					color: #000000 !important;
					background:  !important;
					font-size: 20px !important;
				}
								</style>
		</div></div></div></div></div></div><div id="agni-row-23735" class="section-row" ><div class="section-row-bg-container section-row-bg-container-agni-row-23735"><div class="section-row-bg section-row-bg-color"  ></div></div><div class="container"><div class="vc_row vc_row_fluid"><div id="agni-column-81868" class="wpb_column agni_column_container agni_column vc_column_container vc_col-sm-10"><div class="agni_column-inner vc_column-inner text-left"  ><div class="section-column-bg-container section-column-bg-container-agni-column-81868" ><div class="section-column-bg section-column-bg-color"  ></div></div><div class="wpb_wrapper">
	<div id="" class="agni_text_column agni-text-block"  >
		<p style="padding-left: 30px;"><strong>Données du projet</strong></p>
<ul>
<li>Réalisation et installation d’un rideau anti-bruit à 5 couches installé sur une patience TRUMPF 95 de forme ovale.</li>
<li>Dimensions : 21,00 m de large x 4,50 m de haut.</li>
<li>Le rideau anti-bruit présente une couche extérieure imprimée aux motifs dessinés par le client, et une couche intérieure en SATIN CS blanc.</li>
<li>Le rideau délimite optiquement et acoustiquement un espace séminaire dans une bibliothèque (Bibliothek für Architektur, Kunst &amp; Design à Münster).</li>
</ul>
<p style="padding-left: 30px;"><strong>Entrepreneur général</strong><br />
W. Averbeck GmbH</p>
<p style="padding-left: 30px;"><strong>Architecte</strong><br />
Communauté de planification Zauberscho(e)n de Münster et Bühler &amp; Bühler Architekten</p>
<p style="padding-left: 30px;"><strong>Client final<br />
</strong>Université des sciences appliquées de Münster<strong><br />
</strong></p>
<p style="padding-left: 30px;"><strong>Site<br />
</strong>Münster / Allemagne</p>

	</div>
<div class="agni_empty_space vc_empty_space"  style="height: 30px" data-height = "30px" data-height-tab = "30px" data-height-mobile = "30px"><span class="vc_empty_space_inner"></span></div>
</div></div></div><div id="agni-column-62050" class="wpb_column agni_column_container agni_column vc_column_container vc_col-sm-2"><div class="agni_column-inner vc_column-inner text-left"  ><div class="section-column-bg-container section-column-bg-container-agni-column-62050" ><div class="section-column-bg section-column-bg-color"  ></div></div><div class="wpb_wrapper"></div></div></div></div></div></div></section>
</section>

&nbsp; &nbsp; &nbsp; Projektdaten Optische und akustische Abtrennung eines Seminarbereiches in der Bibliothek für Architektur, Kunst und Design Fertigung und Installation eines 5-lagigen Schallvorhang OFFICE in Wave-Optik Außenlagen aus weißem SATIN CS; nach Kundenwunsch bedruckt Aufhängung an einer oval gebogenen TRUMPF 95-Schleuderschiene Generalunternehmer W. Averbeck GmbH Architekt Planungsgemeinschaft Zauberscho(e)n aus Münster und Bühler &amp; Bühler [...]
