{"id":7471,"date":"2018-02-10T12:28:30","date_gmt":"2018-02-10T11:28:30","guid":{"rendered":"https:\/\/gerriets2021.webproofed.de\/?post_type=portfolio&#038;p=7471"},"modified":"2022-06-10T11:15:29","modified_gmt":"2022-06-10T09:15:29","slug":"staatsoperette-dresden-dresden-deutschland","status":"publish","type":"portfolio","link":"https:\/\/www.gerriets-acoustics.com\/fr\/portfolio\/staatsoperette-dresden-dresden-deutschland\/","title":{"rendered":"Op\u00e9ra de Dresde<br> Dresde \/ Allemagne"},"content":{"rendered":"<section class=\"wpb-content-wrapper\"><section class=\"vc_section agni-section\"><div id=\"agni-row-97061\" class=\"section-row\" ><div class=\"section-row-bg-container section-row-bg-container-agni-row-97061\"><div class=\"section-row-bg section-row-bg-color\"  ><\/div><\/div><div class=\"container\"><div class=\"vc_row vc_row_fluid\"><div id=\"agni-column-16569\" class=\"wpb_column agni_column_container agni_column vc_column_container vc_col-sm-12\"><div class=\"agni_column-inner vc_column-inner text-left\"  ><div class=\"section-column-bg-container section-column-bg-container-agni-column-16569\" ><div class=\"section-column-bg section-column-bg-color\"  ><\/div><\/div><div class=\"wpb_wrapper\">\t\t<section class=\"tm-slider slider  default-tdt\" id=\"tdt-slider-304\" data-mobiles=\"1\" data-tabs=\"1\" data-slick='{\"arrows\": true, \"autoplaySpeed\": 8000, \"speed\": 500, \"dots\": false, \"autoplay\": true, \"slidesToShow\": 1, \"slidesToScroll\": 1, \"fade\": false}'>\r\n\t\t    \t\t<div class=\"carousel-caption\" style=\"background: none\">\r\n\t\t  <div>\r\n\t\t  \t\t\t\t\t\t\t\t<a>\r\n\t\t\t\t\t\t\t\t\t  \t<img decoding=\"async\" src=\"https:\/\/www.gerriets-acoustics.com\/wp-content\/uploads\/2022\/04\/gw-2018-staatsoperette-dresden-1.jpg\" alt=\"\" class=\"ultimate-slide-img\" style=\"max-width: 100%;width: 1000px;height:;border-radius: 0;margin-bottom: 15px\">\r\n\t\t\t\t\r\n\t\t\t\t<\/a>\r\n\t\t  \t<span class=\"content-section\" style=\"text-align: center;top: 0%\">\r\n\t\t\t  \t<h2 class=\"tdt-slider-heading\" style=\"font-size: 22px;color:;font-weight: normal;line-height: 1\">\r\n\t\t\t  \t\t\t\t\t  \t<\/h2>\r\n\t\t\t  \t\t\t\t  \t\r\n\t\t\t  \t<br>\r\n\r\n\t\t\t  \t\t\t\t  \t<p>&nbsp;<\/p>\r\n\t\t  \t<\/span>\r\n\t\t  <\/div>\r\n\t\t<\/div>\r\n\t\t\t\t<div class=\"carousel-caption\" style=\"background: none\">\r\n\t\t  <div>\r\n\t\t  \t\t\t\t\t\t\t\t<a>\r\n\t\t\t\t\t\t\t\t\t  \t<img decoding=\"async\" src=\"https:\/\/www.gerriets-acoustics.com\/wp-content\/uploads\/2022\/04\/gw-2018-staatsoperette-dresden-2.jpg\" alt=\"\" class=\"ultimate-slide-img\" style=\"max-width: 100%;width: 1000px;height:;border-radius: 0;margin-bottom: 15px\">\r\n\t\t\t\t\r\n\t\t\t\t<\/a>\r\n\t\t  \t<span class=\"content-section\" style=\"text-align: center;top: 0%\">\r\n\t\t\t  \t<h2 class=\"tdt-slider-heading\" style=\"font-size: 22px;color:;font-weight: normal;line-height: 1\">\r\n\t\t\t  \t\t\t\t\t  \t<\/h2>\r\n\t\t\t  \t\t\t\t  \t\r\n\t\t\t  \t<br>\r\n\r\n\t\t\t  \t\t\t\t  \t<p>&nbsp;<\/p>\r\n\t\t  \t<\/span>\r\n\t\t  <\/div>\r\n\t\t<\/div>\r\n\t\t\t\t<div class=\"carousel-caption\" style=\"background: none\">\r\n\t\t  <div>\r\n\t\t  \t\t\t\t\t\t\t\t<a>\r\n\t\t\t\t\t\t\t\t\t  \t<img decoding=\"async\" src=\"https:\/\/www.gerriets-acoustics.com\/wp-content\/uploads\/2022\/04\/gw-2018-staatsoperette-dresden-3.jpg\" alt=\"\" class=\"ultimate-slide-img\" style=\"max-width: 100%;width: 1000px;height:;border-radius: 0;margin-bottom: 15px\">\r\n\t\t\t\t\r\n\t\t\t\t<\/a>\r\n\t\t  \t<span class=\"content-section\" style=\"text-align: center;top: 0%\">\r\n\t\t\t  \t<h2 class=\"tdt-slider-heading\" style=\"font-size: 22px;color:;font-weight: normal;line-height: 1\">\r\n\t\t\t  \t\t\t\t\t  \t<\/h2>\r\n\t\t\t  \t\t\t\t  \t\r\n\t\t\t  \t<br>\r\n\r\n\t\t\t  \t\t\t\t  \t<p>&nbsp;<\/p>\r\n\t\t  \t<\/span>\r\n\t\t  <\/div>\r\n\t\t<\/div>\r\n\t\t\t\t<\/section>\r\n\r\n\t\t<style>\r\n\t\t\t#tdt-slider-304 .slick-slide {\r\n\t\t\t\tpadding: 0 0px !important;\r\n\t\t\t}\r\n\t\t\t\t\t\t\t\t\t\t#tdt-slider-304 .slick-next:before, #tdt-slider-304 .slick-prev:before {\r\n\t\t\t\t\tcolor: #000000 !important;\r\n\t\t\t\t\tbackground:  !important;\r\n\t\t\t\t\tfont-size: 20px !important;\r\n\t\t\t\t}\r\n\t\t\t\t\t\t\t\t<\/style>\r\n\t\t<\/div><\/div><\/div><\/div><\/div><\/div><div id=\"agni-row-11708\" class=\"section-row\" ><div class=\"section-row-bg-container section-row-bg-container-agni-row-11708\"><div class=\"section-row-bg section-row-bg-color\"  ><\/div><\/div><div class=\"container\"><div class=\"vc_row vc_row_fluid\"><div id=\"agni-column-34445\" class=\"wpb_column agni_column_container agni_column vc_column_container vc_col-sm-10\"><div class=\"agni_column-inner vc_column-inner text-left\"  ><div class=\"section-column-bg-container section-column-bg-container-agni-column-34445\" ><div class=\"section-column-bg section-column-bg-color\"  ><\/div><\/div><div class=\"wpb_wrapper\">\n\t<div id=\"\" class=\"agni_text_column agni-text-block\"  >\n\t\t<p><strong>Donn\u00e9es du projet<\/strong><\/p>\n<ul>\n<li>Optimisation de l'acoustique ainsi que r\u00e9duction du temps de r\u00e9verb\u00e9ration dans le hall de l'Op\u00e9ra de Dresde<\/li>\n<li>R\u00e9duction du temps de r\u00e9verb\u00e9ration, en particulier pour la musique amplifi\u00e9e \u00e9lectroniquement (utilis\u00e9e surtout dans le domaine de la com\u00e9die musicale)<\/li>\n<li>Absorption cibl\u00e9e dans les basses<\/li>\n<li>Combinaison du syst\u00e8me mobile aQflexTM<sup>TM<\/sup>et des toiles acoustiques en ABSORBER CS entre les ponts lumineux.<\/li>\n<\/ul>\n<div>\n<p><strong><br \/>\nConcept acoustique<br \/>\n<\/strong>ISRW Klapdor<\/p>\n<p><strong>Client<br \/>\n<\/strong>Capitale du Land de Dresde \/ Staatsoperette Dresden<\/p>\n<p><strong>Site<br \/>\n<\/strong>Dresde \/ Allemagne<\/p>\n<\/div>\n\n\t<\/div>\n<div class=\"agni_empty_space vc_empty_space\"  style=\"height: 30px\" data-height = \"30px\" data-height-tab = \"30px\" data-height-mobile = \"30px\"><span class=\"vc_empty_space_inner\"><\/span><\/div>\n<\/div><\/div><\/div><div id=\"agni-column-90855\" class=\"wpb_column agni_column_container agni_column vc_column_container vc_col-sm-2\"><div class=\"agni_column-inner vc_column-inner text-left\"  ><div class=\"section-column-bg-container section-column-bg-container-agni-column-90855\" ><div class=\"section-column-bg section-column-bg-color\"  ><\/div><\/div><div class=\"wpb_wrapper\"><\/div><\/div><\/div><\/div><\/div><\/div><\/section>\n<\/section>","protected":false},"excerpt":{"rendered":"&nbsp; &nbsp; &nbsp; Projektdaten variable Raumakustik im Saal der Staatsoperette durch Schallabsorber aQflex\u2122 und Schallsegel aus Akustiktextil ABSORBER CS Verringerung der Nachhallzeit f\u00fcr den Anwendungszweck \u201eelektronisch verst\u00e4rkte Musik\u201c, vor allem im Bereich Musical gezielte Absorption im Bassbereich Kombination aus verfahrbarem aQflexTM-System und Schallsegeln aus ABSORBER CS zwischen den Beleuchterbr\u00fccken Akustikkonzept ISRW Klapdor Kunde Landeshauptstadt Dresden [...]","protected":false},"featured_media":7472,"menu_order":0,"comment_status":"closed","ping_status":"closed","template":"","class_list":["post-7471","portfolio","type-portfolio","status-publish","has-post-thumbnail","hentry","types-kulturbauten","types-variable-raumakustik"],"aioseo_notices":[],"_links":{"self":[{"href":"https:\/\/www.gerriets-acoustics.com\/fr\/wp-json\/wp\/v2\/portfolio\/7471","targetHints":{"allow":["GET"]}}],"collection":[{"href":"https:\/\/www.gerriets-acoustics.com\/fr\/wp-json\/wp\/v2\/portfolio"}],"about":[{"href":"https:\/\/www.gerriets-acoustics.com\/fr\/wp-json\/wp\/v2\/types\/portfolio"}],"replies":[{"embeddable":true,"href":"https:\/\/www.gerriets-acoustics.com\/fr\/wp-json\/wp\/v2\/comments?post=7471"}],"wp:featuredmedia":[{"embeddable":true,"href":"https:\/\/www.gerriets-acoustics.com\/fr\/wp-json\/wp\/v2\/media\/7472"}],"wp:attachment":[{"href":"https:\/\/www.gerriets-acoustics.com\/fr\/wp-json\/wp\/v2\/media?parent=7471"}],"curies":[{"name":"wp","href":"https:\/\/api.w.org\/{rel}","templated":true}]}}

Opéra de Dresde<br> Dresde / Allemagne

<section class="wpb-content-wrapper"><section class="vc_section agni-section"><div id="agni-row-97061" class="section-row" ><div class="section-row-bg-container section-row-bg-container-agni-row-97061"><div class="section-row-bg section-row-bg-color"  ></div></div><div class="container"><div class="vc_row vc_row_fluid"><div id="agni-column-16569" class="wpb_column agni_column_container agni_column vc_column_container vc_col-sm-12"><div class="agni_column-inner vc_column-inner text-left"  ><div class="section-column-bg-container section-column-bg-container-agni-column-16569" ><div class="section-column-bg section-column-bg-color"  ></div></div><div class="wpb_wrapper">		<section class="tm-slider slider  default-tdt" id="tdt-slider-304" data-mobiles="1" data-tabs="1" data-slick='{"arrows": true, "autoplaySpeed": 8000, "speed": 500, "dots": false, "autoplay": true, "slidesToShow": 1, "slidesToScroll": 1, "fade": false}'>
		    		<div class="carousel-caption" style="background: none">
		  <div>
		  								<a>
									  	<img decoding="async" src="https://www.gerriets-acoustics.com/wp-content/uploads/2022/04/gw-2018-staatsoperette-dresden-1.jpg" alt="" class="ultimate-slide-img" style="max-width: 100%;width: 1000px;height:;border-radius: 0;margin-bottom: 15px">
				
				</a>
		  	<span class="content-section" style="text-align: center;top: 0%">
			  	<h2 class="tdt-slider-heading" style="font-size: 22px;color:;font-weight: normal;line-height: 1">
			  					  	</h2>
			  				  	
			  	<br>

			  				  	<p>&nbsp;</p>
		  	</span>
		  </div>
		</div>
				<div class="carousel-caption" style="background: none">
		  <div>
		  								<a>
									  	<img decoding="async" src="https://www.gerriets-acoustics.com/wp-content/uploads/2022/04/gw-2018-staatsoperette-dresden-2.jpg" alt="" class="ultimate-slide-img" style="max-width: 100%;width: 1000px;height:;border-radius: 0;margin-bottom: 15px">
				
				</a>
		  	<span class="content-section" style="text-align: center;top: 0%">
			  	<h2 class="tdt-slider-heading" style="font-size: 22px;color:;font-weight: normal;line-height: 1">
			  					  	</h2>
			  				  	
			  	<br>

			  				  	<p>&nbsp;</p>
		  	</span>
		  </div>
		</div>
				<div class="carousel-caption" style="background: none">
		  <div>
		  								<a>
									  	<img decoding="async" src="https://www.gerriets-acoustics.com/wp-content/uploads/2022/04/gw-2018-staatsoperette-dresden-3.jpg" alt="" class="ultimate-slide-img" style="max-width: 100%;width: 1000px;height:;border-radius: 0;margin-bottom: 15px">
				
				</a>
		  	<span class="content-section" style="text-align: center;top: 0%">
			  	<h2 class="tdt-slider-heading" style="font-size: 22px;color:;font-weight: normal;line-height: 1">
			  					  	</h2>
			  				  	
			  	<br>

			  				  	<p>&nbsp;</p>
		  	</span>
		  </div>
		</div>
				</section>

		<style>
			#tdt-slider-304 .slick-slide {
				padding: 0 0px !important;
			}
										#tdt-slider-304 .slick-next:before, #tdt-slider-304 .slick-prev:before {
					color: #000000 !important;
					background:  !important;
					font-size: 20px !important;
				}
								</style>
		</div></div></div></div></div></div><div id="agni-row-11708" class="section-row" ><div class="section-row-bg-container section-row-bg-container-agni-row-11708"><div class="section-row-bg section-row-bg-color"  ></div></div><div class="container"><div class="vc_row vc_row_fluid"><div id="agni-column-34445" class="wpb_column agni_column_container agni_column vc_column_container vc_col-sm-10"><div class="agni_column-inner vc_column-inner text-left"  ><div class="section-column-bg-container section-column-bg-container-agni-column-34445" ><div class="section-column-bg section-column-bg-color"  ></div></div><div class="wpb_wrapper">
	<div id="" class="agni_text_column agni-text-block"  >
		<p><strong>Données du projet</strong></p>
<ul>
<li>Optimisation de l'acoustique ainsi que réduction du temps de réverbération dans le hall de l'Opéra de Dresde</li>
<li>Réduction du temps de réverbération, en particulier pour la musique amplifiée électroniquement (utilisée surtout dans le domaine de la comédie musicale)</li>
<li>Absorption ciblée dans les basses</li>
<li>Combinaison du système mobile aQflexTM<sup>TM</sup>et des toiles acoustiques en ABSORBER CS entre les ponts lumineux.</li>
</ul>
<div>
<p><strong><br />
Concept acoustique<br />
</strong>ISRW Klapdor</p>
<p><strong>Client<br />
</strong>Capitale du Land de Dresde / Staatsoperette Dresden</p>
<p><strong>Site<br />
</strong>Dresde / Allemagne</p>
</div>

	</div>
<div class="agni_empty_space vc_empty_space"  style="height: 30px" data-height = "30px" data-height-tab = "30px" data-height-mobile = "30px"><span class="vc_empty_space_inner"></span></div>
</div></div></div><div id="agni-column-90855" class="wpb_column agni_column_container agni_column vc_column_container vc_col-sm-2"><div class="agni_column-inner vc_column-inner text-left"  ><div class="section-column-bg-container section-column-bg-container-agni-column-90855" ><div class="section-column-bg section-column-bg-color"  ></div></div><div class="wpb_wrapper"></div></div></div></div></div></div></section>
</section>

&nbsp; &nbsp; &nbsp; Projektdaten variable Raumakustik im Saal der Staatsoperette durch Schallabsorber aQflex™ und Schallsegel aus Akustiktextil ABSORBER CS Verringerung der Nachhallzeit für den Anwendungszweck „elektronisch verstärkte Musik“, vor allem im Bereich Musical gezielte Absorption im Bassbereich Kombination aus verfahrbarem aQflexTM-System und Schallsegeln aus ABSORBER CS zwischen den Beleuchterbrücken Akustikkonzept ISRW Klapdor Kunde Landeshauptstadt Dresden [...]
